he remainder when 42370 is divided by 66.
64
What is the remainder when 30266 is divided by 1298?
412
Calculate the remainder when 7531 is divided by 55.
51
What is the remainder when 4528 is divided by 1481?
85
Calculate the remainder when 2140 is divided by 1049.
42
Calculate the remainder when 5684 is divided by 582.
446
What is the remainder when 29450 is divided by 14724?
2
What is the remainder when 6928 is divided by 96?
16
Calculate the remainder when 111790 is divided by 411.
409
Calculate the remainder when 828 is divided by 83.
81
Calculate the remainder when 1451453 is divided by 12.
5
What is the remainder when 1507 is divided by 733?
41
Calculate the remainder when 15334 is divided by 1913.
30
What is the remainder when 175848 is divided by 14?
8
What is the remainder when 4905 is divided by 64?
41
What is the remainder when 10438 is divided by 3476?
10
What is the remainder when 16788 is divided by 33?
24
What is the remainder when 141360 is divided by 396?
384
What is the remainder when 39075 is divided by 4848?
291
Calculate the remainder when 3193 is divided by 453.
22
What is the remainder when 112145 is divided by 927?
905
Calculate the remainder when 6552 is divided by 543.
36
Calculate the remainder when 4654 is divided by 19.
18
Calculate the remainder when 30142 is divided by 137.
2
Calculate the remainder when 285165 is divided by 2177.
2155
What is the remainder when 221817 is divided by 32?
25
Calculate the remainder when 20233 is divided by 6692.
157
Calculate the remainder when 2655 is divided by 190.
185
Calculate the remainder when 12710 is divided by 282.
20
What is the remainder when 8614 is divided by 1311?
748
What is the remainder when 256264 is divided by 128125?
14
Calculate the remainder when 238229 is divided by 45.
44
Calculate the remainder when 15024 is divided by 7485.
54
What is the remainder when 2861 is divided by 2425?
436
What is the remainder when 1256 is divided by 124?
16
Calculate the remainder when 4316 is divided by 379.
147
Calculate the remainder when 739687 is divided by 683.
681
What is the remainder when 6276 is divided by 1815?
831
Calculate the remainder when 174045 is divided by 1513.
50
What is the remainder when 632 is divided by 406?
226
Calculate the remainder when 438676 is divided by 112.
84
What is the remainder when 219873 is divided by 9159?
57
What is the remainder when 8484 is divided by 27?
6
What is the remainder when 1321 is divided by 880?
441
What is the remainder when 10927 is divided by 57?
40
What is the remainder when 246 is divided by 192?
54
What is the remainder when 247035 is divided by 33?
30
What is the remainder when 2051 is divided by 433?
319
What is the remainder when 45029 is divided by 273?
257
What is the remainder when 108502 is divided by 467?
158
What is the remainder when 8345 is divided by 997?
369
What is the remainder when 11550 is divided by 5670?
210
Calculate the remainder when 183796 is divided by 636.
628
Calculate the remainder when 47042 is divided by 586.
162
Calculate the remainder when 374432 is divided by 10.
2
Calculate the remainder when 2536 is divided by 498.
46
Calculate the remainder when 1641 is divided by 722.
197
Calculate the remainder when 33769 is divided by 4771.
372
What is the remainder when 2913 is divided by 583?
581
What is the remainder when 20447 is divided by 1857?
20
What is the remainder when 1118 is divided by 1076?
42
Calculate the remainder when 19887 is divided by 234.
231
What is the remainder when 20678 is divided by 899?
1
Calculate the remainder when 3405 is divided by 583.
490
What is the remainder when 5480 is divided by 67?
53
What is the remainder when 27419 is divided by 211?
200
What is the remainder when 20960 is divided by 1001?
940
What is the remainder when 8696929 is divided by 284?
281
Calculate the remainder when 2142 is divided by 684.
90
Calculate the remainder when 57342 is divided by 56.
54
Calculate the remainder when 41283 is divided by 122.
47
Calculate the remainder when 575503 is divided by 189.
187
Calculate the remainder when 4068 is divided by 339.
0
What is the remainder when 4881 is divided by 25?
6
What is the remainder when 11425 is divided by 68?
1
Calculate the remainder when 2909 is divided by 723.
17
Calculate the remainder when 516709 is divided by 13.
11
What is the remainder when 717 is divided by 20?
17
What is the remainder when 2752 is divided by 111?
88
What is the remainder when 54491 is divided by 38?
37
What is the remainder when 5736 is divided by 2443?
850
What is the remainder when 51781 is divided by 3696?
37
Calculate the remainder when 6731 is divided by 3258.
215
What is the remainder when 143926 is divided by 11993?
10
Calculate the remainder when 100466 is divided by 43.
18
What is the remainder when 910 is divided by 22?
8
Calculate the remainder when 14357 is divided by 421.
43
Calculate the remainder when 38260 is divided by 517.
2
Calculate the remainder when 1681 is divided by 1623.
58
Calculate the remainder when 5211 is divided by 29.
20
What is the remainder when 2140911 is divided by 463?
462
What is the remainder when 54560 is divided by 71?
32
Calculate the remainder when 191034 is divided by 21225.
9
What is the remainder when 37085 is divided by 29?
23
What is the remainder when 5649 is divided by 149?
136
Calculate the remainder when 4106 is divided by 2047.
12
Calculate the remainder when 103183 is divided by 244.
215
Calculate the remainder when 4149 is divided by 388.
269
Calculate the remainder when 26683 is divided by 2494.
1743
What is the remainder when 56783 is divided by 112?
111
What is the remainder when 21714 is divided by 749?
742
Calculate the remainder when 7238 is divided by 5496.
1742
Calculate the remainder when 7360 is divided by 2220.
700
What is the remainder when 50908 is divided by 10?
8
Calculate the remainder when 458313 is divided by 715.
713
What is the remainder when 2449452 is divided by 116?
112
Calculate the remainder when 14043 is divided by 15.
3
What is the remainder when 89893 is divided by 420?
13
Calculate the remainder when 1085 is divided by 241.
121
Calculate the remainder when 11899 is divided by 175.
174
What is the remainder when 8526 is divided by 61?
47
What is the remainder when 171672 is divided by 171660?
12
What is the remainder when 9853 is divided by 308?
305
What is the remainder when 3283 is divided by 485?
373
What is the remainder when 4458 is divided by 759?
663
Calculate the remainder when 21789 is divided by 1358.
61
What is the remainder when 1160936 is divided by 1239?
1232
Calculate the remainder when 18746 is divided by 138.
116
What is the remainder when 1709 is divided by 42?
29
Calculate the remainder when 304 is divided by 118.
68
Calculate the remainder when 63790 is divided by 47.
11
What is the remainder when 28944 is divided by 386?
380
What is the remainder when 40309 is divided by 13342?
283
Calculate the remainder when 15939 is divided by 49.
14
Calculate the remainder when 5798 is divided by 952.
86
What is the remainder when 1450500 is divided by 1244?
1240
What is the remainder when 2887 is divided by 338?
183
What is the remainder when 39345 is divided by 787?
782
What is the remainder when 15087 is divided by 47?
0
What is the remainder when 6240 is divided by 10?
0
What is the remainder when 328996 is divided by 70?
66
What is the remainder when 69920 is divided by 40?
0
What is the remainder when 15470 is divided by 737?
730
What is the remainder when 241465 is divided by 68?
65
Calculate the remainder when 406066 is divided by 75.
16
Calculate the remainder when 147183 is divided by 49.
36
What is the remainder when 416 is divided by 96?
32
Calculate the remainder when 15076 is divided by 183.
70
Calculate the remainder when 43423 is divided by 59.
58
What is the remainder when 13258577 is divided by 2999?
2997
What is the remainder when 5380 is divided by 289?
178
What is the remainder when 1306 is divided by 13?
6
What is the remainder when 36295 is divided by 131?
8
What is the remainder when 24617 is divided by 5?
2
Calculate the remainder when 1966 is divided by 568.
262
Calculate the remainder when 5180 is divided by 81.
77
What is the remainder 